{"id":6700,"date":"2025-05-02T08:39:00","date_gmt":"2025-05-02T13:39:00","guid":{"rendered":"https:\/\/fjvpiscinas.com\/tienda\/?post_type=product&#038;p=6700"},"modified":"2025-10-09T15:49:40","modified_gmt":"2025-10-09T20:49:40","slug":"bomba-hayward-maxflo-vs-500","status":"publish","type":"product","link":"https:\/\/fjvpiscinas.com\/tienda\/product\/bomba-hayward-maxflo-vs-500\/","title":{"rendered":"Bomba Hayward MaxFlo VS 500"},"content":{"rendered":null,"protected":false},"excerpt":{"rendered":"<p>Bomba de velocidad variable con capacidad de doble voltaje, ofrece eficiencia energ\u00e9tica y es ideal para piscinas residenciales de tama\u00f1o mediano.<\/p>\n<p><strong>Caracter\u00edsticas:<\/strong><br \/>\n\u2022 Factor de energ\u00eda ponderado (WEF) para 115\u00a0V = 10.7 y 230\u00a0V = 10.2. Cuanto m\u00e1s alto es el WEF, m\u00e1s eficiente es la bomba. Puedes obtener m\u00e1s informaci\u00f3n sobre el WEF aqu\u00ed.<br \/>\n\u2022 Controlador de motor de doble voltaje actualizado que mantiene una eficiencia de funcionalidad \u00f3ptima<br \/>\n\u2022 El sello de bomba Viton de duraci\u00f3n prolongada proporciona mayor resistencia contra los desequilibrios qu\u00edmicos<br \/>\n\u2022 El panel de control intuitivo puede girarse en cuatro direcciones sobre la bomba o quitarse y montarse en la pared<br \/>\n\u2022 Im\u00e1n permanente s\u00faper eficiente, motor totalmente cerrado con ventilador externo<br \/>\n\u2022 Puede funcionar en modo aut\u00f3nomo o puede conectarse a cualquier sistema de automatizaci\u00f3n<br \/>\n\u2022 Dise\u00f1ada para reemplazar a la mayor\u00eda de las bombas de cabezal mediano de hasta 1.65\u00a0hp totales<br \/>\n\u2022 El panel de control intuitivo puede girarse en cuatro direcciones sobre la bomba o quitarse y montarse en la pared<br \/>\n\u2022 Puede que sea elegible para descuentos energ\u00e9ticos locales en funci\u00f3n de su calificaci\u00f3n ENERGY STAR\u00ae<br \/>\n\u2022 Garant\u00eda extendida de 3\u00a0a\u00f1os disponible<\/p>\n","protected":false},"featured_media":6705,"comment_status":"open","ping_status":"closed","template":"","meta":[],"product_brand":[],"product_cat":[280],"product_tag":[],"class_list":{"0":"post-6700","1":"product","2":"type-product","3":"status-publish","4":"has-post-thumbnail","6":"product_cat-electrobombas","8":"first","9":"instock","10":"shipping-taxable","11":"purchasable","12":"product-type-simple"},"_links":{"self":[{"href":"https:\/\/fjvpiscinas.com\/tienda\/wp-json\/wp\/v2\/product\/6700","targetHints":{"allow":["GET"]}}],"collection":[{"href":"https:\/\/fjvpiscinas.com\/tienda\/wp-json\/wp\/v2\/product"}],"about":[{"href":"https:\/\/fjvpiscinas.com\/tienda\/wp-json\/wp\/v2\/types\/product"}],"replies":[{"embeddable":true,"href":"https:\/\/fjvpiscinas.com\/tienda\/wp-json\/wp\/v2\/comments?post=6700"}],"wp:featuredmedia":[{"embeddable":true,"href":"https:\/\/fjvpiscinas.com\/tienda\/wp-json\/wp\/v2\/media\/6705"}],"wp:attachment":[{"href":"https:\/\/fjvpiscinas.com\/tienda\/wp-json\/wp\/v2\/media?parent=6700"}],"wp:term":[{"taxonomy":"product_brand","embeddable":true,"href":"https:\/\/fjvpiscinas.com\/tienda\/wp-json\/wp\/v2\/product_brand?post=6700"},{"taxonomy":"product_cat","embeddable":true,"href":"https:\/\/fjvpiscinas.com\/tienda\/wp-json\/wp\/v2\/product_cat?post=6700"},{"taxonomy":"product_tag","embeddable":true,"href":"https:\/\/fjvpiscinas.com\/tienda\/wp-json\/wp\/v2\/product_tag?post=6700"}],"curies":[{"name":"wp","href":"https:\/\/api.w.org\/{rel}","templated":true}]}}