{"id":6708,"date":"2025-05-02T09:32:27","date_gmt":"2025-05-02T14:32:27","guid":{"rendered":"https:\/\/fjvpiscinas.com\/tienda\/?post_type=product&#038;p=6708"},"modified":"2025-10-09T15:19:55","modified_gmt":"2025-10-09T20:19:55","slug":"bomba-para-hidromasaje-monofasica-btp-glong","status":"publish","type":"product","link":"https:\/\/fjvpiscinas.com\/tienda\/product\/bomba-para-hidromasaje-monofasica-btp-glong\/","title":{"rendered":"Bomba para Hidromasaje Monof\u00e1sica BTP &#8211; 1500 2 HP Glong"},"content":{"rendered":null,"protected":false},"excerpt":{"rendered":"<p>La Bomba para Hidromasaje Monof\u00e1sica BTP Glong #1 es la soluci\u00f3n ideal para quienes buscan mejorar la experiencia de hidromasaje en su jacuzzi o piscina de hidromasaje. Con un dise\u00f1o eficiente y de alto rendimiento, esta bomba est\u00e1 especialmente dise\u00f1ada para ofrecer un flujo constante y potente, mejorando la calidad del agua y proporcionando una experiencia de relajaci\u00f3n superior.<\/p>\n","protected":false},"featured_media":6684,"comment_status":"open","ping_status":"closed","template":"","meta":[],"product_brand":[],"product_cat":[280],"product_tag":[],"class_list":{"0":"post-6708","1":"product","2":"type-product","3":"status-publish","4":"has-post-thumbnail","6":"product_cat-electrobombas","8":"first","9":"instock","10":"shipping-taxable","11":"purchasable","12":"product-type-simple"},"_links":{"self":[{"href":"https:\/\/fjvpiscinas.com\/tienda\/wp-json\/wp\/v2\/product\/6708","targetHints":{"allow":["GET"]}}],"collection":[{"href":"https:\/\/fjvpiscinas.com\/tienda\/wp-json\/wp\/v2\/product"}],"about":[{"href":"https:\/\/fjvpiscinas.com\/tienda\/wp-json\/wp\/v2\/types\/product"}],"replies":[{"embeddable":true,"href":"https:\/\/fjvpiscinas.com\/tienda\/wp-json\/wp\/v2\/comments?post=6708"}],"wp:featuredmedia":[{"embeddable":true,"href":"https:\/\/fjvpiscinas.com\/tienda\/wp-json\/wp\/v2\/media\/6684"}],"wp:attachment":[{"href":"https:\/\/fjvpiscinas.com\/tienda\/wp-json\/wp\/v2\/media?parent=6708"}],"wp:term":[{"taxonomy":"product_brand","embeddable":true,"href":"https:\/\/fjvpiscinas.com\/tienda\/wp-json\/wp\/v2\/product_brand?post=6708"},{"taxonomy":"product_cat","embeddable":true,"href":"https:\/\/fjvpiscinas.com\/tienda\/wp-json\/wp\/v2\/product_cat?post=6708"},{"taxonomy":"product_tag","embeddable":true,"href":"https:\/\/fjvpiscinas.com\/tienda\/wp-json\/wp\/v2\/product_tag?post=6708"}],"curies":[{"name":"wp","href":"https:\/\/api.w.org\/{rel}","templated":true}]}}